{"id":6407,"date":"2015-10-28T08:03:16","date_gmt":"2015-10-28T07:03:16","guid":{"rendered":"http:\/\/www.amaplaneteblanquefort.fr\/wordpress\/?page_id=6407"},"modified":"2015-12-06T17:53:30","modified_gmt":"2015-12-06T16:53:30","slug":"visite-chez-clement-fleurenceau-notre-paysan-boulanger","status":"publish","type":"page","link":"http:\/\/www.amaplaneteblanquefort.fr\/wordpress\/nos-producteurs\/clement-fleuranceau-paysan-boulanger\/visite-chez-clement-fleurenceau-notre-paysan-boulanger\/","title":{"rendered":"Visite chez Cl\u00e9ment Fleurenceau notre paysan boulanger"},"content":{"rendered":"<p>Cl\u00e9ment Fleurenceau habite et fabrique son pain dans un charmant petit village de la vall\u00e9e de Crempse : Beleymas en Dordogne.<\/p>\n<p>Cl\u00e9ment a quitt\u00e9 la p\u00e9pini\u00e8re d\u2019entreprise, il est maintenant \u00e0 son compte.<\/p>\n<p>Il loue ses terres \u00e0 Ste Foy la Grande o\u00f9 il cultive lui-m\u00eame ses c\u00e9r\u00e9ales bio. La difficult\u00e9 actuelle est de trouver des terres proches de son domicile.<\/p>\n<p>Depuis un an, il habite dans la maison de l\u2019ancien boulanger du village o\u00f9 il a entrepris de remettre en route le four \u00e0 bois qui date du d\u00e9but du 20\u00e8me si\u00e8cle.<\/p>\n<figure id=\"attachment_6356\" aria-describedby=\"caption-attachment-6356\" style=\"width: 300px\" class=\"wp-caption alignnone\"><a href=\"http:\/\/www.amaplaneteblanquefort.fr\/wordpress\/wp-content\/uploads\/2015\/10\/Clement-1.jpg\"><img loading=\"lazy\" decoding=\"async\" class=\"size-medium wp-image-6356\" src=\"http:\/\/www.amaplaneteblanquefort.fr\/wordpress\/wp-content\/uploads\/2015\/10\/Clement-1-300x200.jpg\" alt=\"La maison vue de derri\u00e8re Sur la droite se trouve la chemin\u00e9e de son four \u00e0 bois\" width=\"300\" height=\"200\" srcset=\"http:\/\/www.amaplaneteblanquefort.fr\/wordpress\/wp-content\/uploads\/2015\/10\/Clement-1-300x200.jpg 300w, http:\/\/www.amaplaneteblanquefort.fr\/wordpress\/wp-content\/uploads\/2015\/10\/Clement-1-1024x683.jpg 1024w, http:\/\/www.amaplaneteblanquefort.fr\/wordpress\/wp-content\/uploads\/2015\/10\/Clement-1.jpg 1200w\" sizes=\"auto, (max-width: 300px) 100vw, 300px\" \/><\/a><figcaption id=\"caption-attachment-6356\" class=\"wp-caption-text\">La maison vue de derri\u00e8re<br \/>Sur la droite se trouve la chemin\u00e9e de son four \u00e0 bois<\/figcaption><\/figure>\n<p>Il fabrique lui m\u00eame sa farine, il se rend donc dans un moulin pour moudre ses c\u00e9r\u00e9ales. Cependant il va falloir que d\u2019ici la fin de l\u2019ann\u00e9e il trouve une meule car le moulin ne va bient\u00f4t plus accepter de louer leur meule.<\/p>\n<p>Nous avons pu visiter son fournil et sa boutique. En effet il vend aussi son pain au village le samedi.<\/p>\n<figure id=\"attachment_6357\" aria-describedby=\"caption-attachment-6357\" style=\"width: 200px\" class=\"wp-caption alignnone\"><a href=\"http:\/\/www.amaplaneteblanquefort.fr\/wordpress\/wp-content\/uploads\/2015\/10\/Clement-2.jpg\"><img loading=\"lazy\" decoding=\"async\" class=\"size-medium wp-image-6357\" src=\"http:\/\/www.amaplaneteblanquefort.fr\/wordpress\/wp-content\/uploads\/2015\/10\/Clement-2-200x300.jpg\" alt=\"La boutique\" width=\"200\" height=\"300\" srcset=\"http:\/\/www.amaplaneteblanquefort.fr\/wordpress\/wp-content\/uploads\/2015\/10\/Clement-2-200x300.jpg 200w, http:\/\/www.amaplaneteblanquefort.fr\/wordpress\/wp-content\/uploads\/2015\/10\/Clement-2-683x1024.jpg 683w, http:\/\/www.amaplaneteblanquefort.fr\/wordpress\/wp-content\/uploads\/2015\/10\/Clement-2.jpg 800w\" sizes=\"auto, (max-width: 200px) 100vw, 200px\" \/><\/a><figcaption id=\"caption-attachment-6357\" class=\"wp-caption-text\">La boutique<\/figcaption><\/figure>\n<figure id=\"attachment_6358\" aria-describedby=\"caption-attachment-6358\" style=\"width: 200px\" class=\"wp-caption alignnone\"><a href=\"http:\/\/www.amaplaneteblanquefort.fr\/wordpress\/wp-content\/uploads\/2015\/10\/Clement-3.jpg\"><img loading=\"lazy\" decoding=\"async\" class=\"size-medium wp-image-6358\" src=\"http:\/\/www.amaplaneteblanquefort.fr\/wordpress\/wp-content\/uploads\/2015\/10\/Clement-3-200x300.jpg\" alt=\"la boutique\" width=\"200\" height=\"300\" srcset=\"http:\/\/www.amaplaneteblanquefort.fr\/wordpress\/wp-content\/uploads\/2015\/10\/Clement-3-200x300.jpg 200w, http:\/\/www.amaplaneteblanquefort.fr\/wordpress\/wp-content\/uploads\/2015\/10\/Clement-3-683x1024.jpg 683w, http:\/\/www.amaplaneteblanquefort.fr\/wordpress\/wp-content\/uploads\/2015\/10\/Clement-3.jpg 800w\" sizes=\"auto, (max-width: 200px) 100vw, 200px\" \/><\/a><figcaption id=\"caption-attachment-6358\" class=\"wp-caption-text\">la boutique<\/figcaption><\/figure>\n<p>Il nous a expliqu\u00e9 comment il fait son pain : il le commence la veille en faisant son levain, le lendemain il p\u00e9trit, fa\u00e7onne et cuit.<\/p>\n<figure id=\"attachment_6359\" aria-describedby=\"caption-attachment-6359\" style=\"width: 300px\" class=\"wp-caption alignnone\"><a href=\"http:\/\/www.amaplaneteblanquefort.fr\/wordpress\/wp-content\/uploads\/2015\/10\/Clement-5.jpg\"><img loading=\"lazy\" decoding=\"async\" class=\"size-medium wp-image-6359\" src=\"http:\/\/www.amaplaneteblanquefort.fr\/wordpress\/wp-content\/uploads\/2015\/10\/Clement-5-300x196.jpg\" alt=\"le fournil\" width=\"300\" height=\"196\" srcset=\"http:\/\/www.amaplaneteblanquefort.fr\/wordpress\/wp-content\/uploads\/2015\/10\/Clement-5-300x196.jpg 300w, http:\/\/www.amaplaneteblanquefort.fr\/wordpress\/wp-content\/uploads\/2015\/10\/Clement-5-1024x668.jpg 1024w, http:\/\/www.amaplaneteblanquefort.fr\/wordpress\/wp-content\/uploads\/2015\/10\/Clement-5.jpg 1200w\" sizes=\"auto, (max-width: 300px) 100vw, 300px\" \/><\/a><figcaption id=\"caption-attachment-6359\" class=\"wp-caption-text\">le fournil<\/figcaption><\/figure>\n<p><a href=\"http:\/\/www.amaplaneteblanquefort.fr\/wordpress\/wp-content\/uploads\/2015\/10\/Clement-15.jpg\"><img loading=\"lazy\" decoding=\"async\" class=\"alignnone size-medium wp-image-6361\" src=\"http:\/\/www.amaplaneteblanquefort.fr\/wordpress\/wp-content\/uploads\/2015\/10\/Clement-15-300x200.jpg\" alt=\"Clement (15)\" width=\"300\" height=\"200\" srcset=\"http:\/\/www.amaplaneteblanquefort.fr\/wordpress\/wp-content\/uploads\/2015\/10\/Clement-15-300x200.jpg 300w, http:\/\/www.amaplaneteblanquefort.fr\/wordpress\/wp-content\/uploads\/2015\/10\/Clement-15-1024x683.jpg 1024w, http:\/\/www.amaplaneteblanquefort.fr\/wordpress\/wp-content\/uploads\/2015\/10\/Clement-15.jpg 1200w\" sizes=\"auto, (max-width: 300px) 100vw, 300px\" \/><\/a><\/p>\n<p>Son four \u00e0 bois est en briques. Il commence par y faire le feu pendant environ 2 heures , il le laisse poser 45 minutes puis y met son pain. Il cuit tout son pain dans son four en une seule fois.<\/p>\n<figure id=\"attachment_6362\" aria-describedby=\"caption-attachment-6362\" style=\"width: 200px\" class=\"wp-caption alignnone\"><a href=\"http:\/\/www.amaplaneteblanquefort.fr\/wordpress\/wp-content\/uploads\/2015\/10\/Clement-8.jpg\"><img loading=\"lazy\" decoding=\"async\" class=\"size-medium wp-image-6362\" src=\"http:\/\/www.amaplaneteblanquefort.fr\/wordpress\/wp-content\/uploads\/2015\/10\/Clement-8-200x300.jpg\" alt=\"Cl\u00e9ment nous montre le foyer\" width=\"200\" height=\"300\" srcset=\"http:\/\/www.amaplaneteblanquefort.fr\/wordpress\/wp-content\/uploads\/2015\/10\/Clement-8-200x300.jpg 200w, http:\/\/www.amaplaneteblanquefort.fr\/wordpress\/wp-content\/uploads\/2015\/10\/Clement-8-682x1024.jpg 682w, http:\/\/www.amaplaneteblanquefort.fr\/wordpress\/wp-content\/uploads\/2015\/10\/Clement-8.jpg 799w\" sizes=\"auto, (max-width: 200px) 100vw, 200px\" \/><\/a><figcaption id=\"caption-attachment-6362\" class=\"wp-caption-text\">Cl\u00e9ment nous montre le foyer<\/figcaption><\/figure>\n<figure id=\"attachment_6363\" aria-describedby=\"caption-attachment-6363\" style=\"width: 300px\" class=\"wp-caption alignnone\"><a href=\"http:\/\/www.amaplaneteblanquefort.fr\/wordpress\/wp-content\/uploads\/2015\/10\/Clement-10.jpg\"><img loading=\"lazy\" decoding=\"async\" class=\"size-medium wp-image-6363\" src=\"http:\/\/www.amaplaneteblanquefort.fr\/wordpress\/wp-content\/uploads\/2015\/10\/Clement-10-300x190.jpg\" alt=\"L'int\u00e9rieur du four\" width=\"300\" height=\"190\" srcset=\"http:\/\/www.amaplaneteblanquefort.fr\/wordpress\/wp-content\/uploads\/2015\/10\/Clement-10-300x190.jpg 300w, http:\/\/www.amaplaneteblanquefort.fr\/wordpress\/wp-content\/uploads\/2015\/10\/Clement-10-1024x648.jpg 1024w, http:\/\/www.amaplaneteblanquefort.fr\/wordpress\/wp-content\/uploads\/2015\/10\/Clement-10.jpg 1200w\" sizes=\"auto, (max-width: 300px) 100vw, 300px\" \/><\/a><figcaption id=\"caption-attachment-6363\" class=\"wp-caption-text\">L&rsquo;int\u00e9rieur du four<\/figcaption><\/figure>\n<p>Cl\u00e9ment a plein de projets, \u00e0 c\u00f4t\u00e9 de sa maison se trouve un ancien s\u00e9choir \u00e0 tabac o\u00f9 il entrepose pour l\u2019instant son bois.<\/p>\n<figure id=\"attachment_6364\" aria-describedby=\"caption-attachment-6364\" style=\"width: 300px\" class=\"wp-caption alignnone\"><a href=\"http:\/\/www.amaplaneteblanquefort.fr\/wordpress\/wp-content\/uploads\/2015\/10\/Clement-16.jpg\"><img loading=\"lazy\" decoding=\"async\" class=\"size-medium wp-image-6364\" src=\"http:\/\/www.amaplaneteblanquefort.fr\/wordpress\/wp-content\/uploads\/2015\/10\/Clement-16-300x193.jpg\" alt=\"Le s\u00e9choir \u00e0 tabac\" width=\"300\" height=\"193\" srcset=\"http:\/\/www.amaplaneteblanquefort.fr\/wordpress\/wp-content\/uploads\/2015\/10\/Clement-16-300x193.jpg 300w, http:\/\/www.amaplaneteblanquefort.fr\/wordpress\/wp-content\/uploads\/2015\/10\/Clement-16-1024x657.jpg 1024w, http:\/\/www.amaplaneteblanquefort.fr\/wordpress\/wp-content\/uploads\/2015\/10\/Clement-16.jpg 1200w\" sizes=\"auto, (max-width: 300px) 100vw, 300px\" \/><\/a><figcaption id=\"caption-attachment-6364\" class=\"wp-caption-text\">Le s\u00e9choir \u00e0 tabac<\/figcaption><\/figure>\n<p>Il envisage d\u2019y cr\u00e9er des cellules pour y stocker son grain qui doit \u00eatre ventil\u00e9 pour refroidir lentement et se conserver correctement.<\/p>\n<p>Il contient pour l\u2019instant d\u2019anciens trieurs \u00e0 c\u00e9r\u00e9ales que Cl\u00e9ment a chin\u00e9s et qu\u2019il n\u2019exclue pas d\u2019utiliser.<\/p>\n<figure id=\"attachment_6365\" aria-describedby=\"caption-attachment-6365\" style=\"width: 200px\" class=\"wp-caption alignnone\"><a href=\"http:\/\/www.amaplaneteblanquefort.fr\/wordpress\/wp-content\/uploads\/2015\/10\/Clement-20.jpg\"><img loading=\"lazy\" decoding=\"async\" class=\"size-medium wp-image-6365\" src=\"http:\/\/www.amaplaneteblanquefort.fr\/wordpress\/wp-content\/uploads\/2015\/10\/Clement-20-200x300.jpg\" alt=\"Trieur \u00e0 c\u00e9r\u00e9ales\" width=\"200\" height=\"300\" srcset=\"http:\/\/www.amaplaneteblanquefort.fr\/wordpress\/wp-content\/uploads\/2015\/10\/Clement-20-200x300.jpg 200w, http:\/\/www.amaplaneteblanquefort.fr\/wordpress\/wp-content\/uploads\/2015\/10\/Clement-20-683x1024.jpg 683w, http:\/\/www.amaplaneteblanquefort.fr\/wordpress\/wp-content\/uploads\/2015\/10\/Clement-20.jpg 800w\" sizes=\"auto, (max-width: 200px) 100vw, 200px\" \/><\/a><figcaption id=\"caption-attachment-6365\" class=\"wp-caption-text\">Trieur \u00e0 c\u00e9r\u00e9ales<\/figcaption><\/figure>\n<p>Ecouter Cl\u00e9ment raconter son m\u00e9tier, ses projets \u00e9tait un pur bonheur. Il est tellement passionn\u00e9 que \u00e7a explique pourquoi son pain est si bon\u2026<\/p>\n<p>Nous avons re\u00e7u un accueil tr\u00e8s chaleureux et avons pass\u00e9 une tr\u00e8s agr\u00e9able apr\u00e8s midi.<\/p>\n<p>C\u2019est s\u00fbr que nous reviendrons l\u2019an prochain pour voir comment ont avanc\u00e9 ses projets.<\/p>\n<p>Dominique et Dany.<\/p>\n<p>La galerie de photo que nous a faite Cl\u00e9ment<\/p>\n<div id='gallery-1' class='gallery galleryid-6407 gallery-columns-3 gallery-size-thumbnail'><figure class='gallery-item'>\n\t\t\t<div class='gallery-icon landscape'>\n\t\t\t\t<a href='http:\/\/www.amaplaneteblanquefort.fr\/wordpress\/2015\/10\/27\/visite-chez-clement-fleurenceau-notre-paysan-boulanger\/1-faire-pousser-le-ble-la-levee\/'><img loading=\"lazy\" decoding=\"async\" width=\"150\" height=\"150\" src=\"http:\/\/www.amaplaneteblanquefort.fr\/wordpress\/wp-content\/uploads\/2015\/10\/1-Faire-pousser-le-bl\u00e9-La-lev\u00e9e-150x150.jpg\" class=\"attachment-thumbnail size-thumbnail\" alt=\"\" aria-describedby=\"gallery-1-6355\" \/><\/a>\n\t\t\t<\/div>\n\t\t\t\t<figcaption class='wp-caption-text gallery-caption' id='gallery-1-6355'>\n\t\t\t\tFaire pousser le bl\u00e9 : la lev\u00e9e\n\t\t\t\t<\/figcaption><\/figure><figure class='gallery-item'>\n\t\t\t<div class='gallery-icon landscape'>\n\t\t\t\t<a href='http:\/\/www.amaplaneteblanquefort.fr\/wordpress\/2-faire-pousser-le-ble-la-levee-de-plus-pres\/'><img loading=\"lazy\" decoding=\"async\" width=\"150\" height=\"150\" src=\"http:\/\/www.amaplaneteblanquefort.fr\/wordpress\/wp-content\/uploads\/2015\/10\/2-Faire-pousser-le-bl\u00e9-La-lev\u00e9e-de-plus-pr\u00e8s-150x150.jpg\" class=\"attachment-thumbnail size-thumbnail\" alt=\"\" aria-describedby=\"gallery-1-6367\" \/><\/a>\n\t\t\t<\/div>\n\t\t\t\t<figcaption class='wp-caption-text gallery-caption' id='gallery-1-6367'>\n\t\t\t\tFaire pousser le bl\u00e9: la lev\u00e9e de plus pr\u00e8s\n\t\t\t\t<\/figcaption><\/figure><figure class='gallery-item'>\n\t\t\t<div class='gallery-icon landscape'>\n\t\t\t\t<a href='http:\/\/www.amaplaneteblanquefort.fr\/wordpress\/2015\/12\/07\/renouvellement-du-contrat-pain-3\/3-faconner\/'><img loading=\"lazy\" decoding=\"async\" width=\"150\" height=\"150\" src=\"http:\/\/www.amaplaneteblanquefort.fr\/wordpress\/wp-content\/uploads\/2015\/10\/3-Fa\u00e7onner-150x150.jpg\" class=\"attachment-thumbnail size-thumbnail\" alt=\"\" aria-describedby=\"gallery-1-6368\" \/><\/a>\n\t\t\t<\/div>\n\t\t\t\t<figcaption class='wp-caption-text gallery-caption' id='gallery-1-6368'>\n\t\t\t\tFa\u00e7onner\n\t\t\t\t<\/figcaption><\/figure><figure class='gallery-item'>\n\t\t\t<div class='gallery-icon portrait'>\n\t\t\t\t<a href='http:\/\/www.amaplaneteblanquefort.fr\/wordpress\/4-faire-chauffer\/'><img loading=\"lazy\" decoding=\"async\" width=\"150\" height=\"150\" src=\"http:\/\/www.amaplaneteblanquefort.fr\/wordpress\/wp-content\/uploads\/2015\/10\/4-Faire-Chauffer-150x150.jpg\" class=\"attachment-thumbnail size-thumbnail\" alt=\"\" aria-describedby=\"gallery-1-6369\" \/><\/a>\n\t\t\t<\/div>\n\t\t\t\t<figcaption class='wp-caption-text gallery-caption' id='gallery-1-6369'>\n\t\t\t\t\u00e7a chauffe\n\t\t\t\t<\/figcaption><\/figure><figure class='gallery-item'>\n\t\t\t<div class='gallery-icon landscape'>\n\t\t\t\t<a href='http:\/\/www.amaplaneteblanquefort.fr\/wordpress\/5-ca-chauffe\/'><img loading=\"lazy\" decoding=\"async\" width=\"150\" height=\"150\" src=\"http:\/\/www.amaplaneteblanquefort.fr\/wordpress\/wp-content\/uploads\/2015\/10\/5-\u00c7a-Chauffe-150x150.jpg\" class=\"attachment-thumbnail size-thumbnail\" alt=\"\" aria-describedby=\"gallery-1-6370\" \/><\/a>\n\t\t\t<\/div>\n\t\t\t\t<figcaption class='wp-caption-text gallery-caption' id='gallery-1-6370'>\n\t\t\t\t\u00e7a chauffe vraiment\n\t\t\t\t<\/figcaption><\/figure><figure class='gallery-item'>\n\t\t\t<div class='gallery-icon landscape'>\n\t\t\t\t<a href='http:\/\/www.amaplaneteblanquefort.fr\/wordpress\/7-cest-pret\/'><img loading=\"lazy\" decoding=\"async\" width=\"150\" height=\"150\" src=\"http:\/\/www.amaplaneteblanquefort.fr\/wordpress\/wp-content\/uploads\/2015\/10\/7-Cest-pret-150x150.jpg\" class=\"attachment-thumbnail size-thumbnail\" alt=\"\" aria-describedby=\"gallery-1-6371\" \/><\/a>\n\t\t\t<\/div>\n\t\t\t\t<figcaption class='wp-caption-text gallery-caption' id='gallery-1-6371'>\n\t\t\t\tC&rsquo;est pr\u00eat\n\t\t\t\t<\/figcaption><\/figure><figure class='gallery-item'>\n\t\t\t<div class='gallery-icon landscape'>\n\t\t\t\t<a href='http:\/\/www.amaplaneteblanquefort.fr\/wordpress\/2015\/10\/27\/visite-chez-clement-fleurenceau-notre-paysan-boulanger\/8-enfourner-2\/'><img loading=\"lazy\" decoding=\"async\" width=\"150\" height=\"150\" src=\"http:\/\/www.amaplaneteblanquefort.fr\/wordpress\/wp-content\/uploads\/2015\/10\/8-Enfourner-150x150.jpg\" class=\"attachment-thumbnail size-thumbnail\" alt=\"\" aria-describedby=\"gallery-1-6372\" \/><\/a>\n\t\t\t<\/div>\n\t\t\t\t<figcaption class='wp-caption-text gallery-caption' id='gallery-1-6372'>\n\t\t\t\tEnfourner\n\t\t\t\t<\/figcaption><\/figure>\n\t\t<\/div>\n\n<p>&nbsp;<\/p>\n","protected":false},"excerpt":{"rendered":"<p>Cl\u00e9ment Fleurenceau habite et fabrique son pain dans un charmant petit village de la vall\u00e9e de Crempse : Beleymas en Dordogne. Cl\u00e9ment a quitt\u00e9 la p\u00e9pini\u00e8re d\u2019entreprise, il est maintenant \u00e0 son compte. Il loue ses terres \u00e0 Ste Foy la Grande o\u00f9 il cultive lui-m\u00eame ses c\u00e9r\u00e9ales bio. La difficult\u00e9 actuelle est de trouver &hellip; <a href=\"http:\/\/www.amaplaneteblanquefort.fr\/wordpress\/nos-producteurs\/clement-fleuranceau-paysan-boulanger\/visite-chez-clement-fleurenceau-notre-paysan-boulanger\/\" class=\"more-link\">Continuer la lecture de <span class=\"screen-reader-text\">Visite chez Cl\u00e9ment Fleurenceau notre paysan boulanger<\/span> <span class=\"meta-nav\">&rarr;<\/span><\/a><\/p>\n","protected":false},"author":7,"featured_media":0,"parent":909,"menu_order":0,"comment_status":"closed","ping_status":"closed","template":"","meta":{"footnotes":""},"class_list":["post-6407","page","type-page","status-publish","hentry"],"_links":{"self":[{"href":"http:\/\/www.amaplaneteblanquefort.fr\/wordpress\/wp-json\/wp\/v2\/pages\/6407","targetHints":{"allow":["GET"]}}],"collection":[{"href":"http:\/\/www.amaplaneteblanquefort.fr\/wordpress\/wp-json\/wp\/v2\/pages"}],"about":[{"href":"http:\/\/www.amaplaneteblanquefort.fr\/wordpress\/wp-json\/wp\/v2\/types\/page"}],"author":[{"embeddable":true,"href":"http:\/\/www.amaplaneteblanquefort.fr\/wordpress\/wp-json\/wp\/v2\/users\/7"}],"replies":[{"embeddable":true,"href":"http:\/\/www.amaplaneteblanquefort.fr\/wordpress\/wp-json\/wp\/v2\/comments?post=6407"}],"version-history":[{"count":3,"href":"http:\/\/www.amaplaneteblanquefort.fr\/wordpress\/wp-json\/wp\/v2\/pages\/6407\/revisions"}],"predecessor-version":[{"id":6485,"href":"http:\/\/www.amaplaneteblanquefort.fr\/wordpress\/wp-json\/wp\/v2\/pages\/6407\/revisions\/6485"}],"up":[{"embeddable":true,"href":"http:\/\/www.amaplaneteblanquefort.fr\/wordpress\/wp-json\/wp\/v2\/pages\/909"}],"wp:attachment":[{"href":"http:\/\/www.amaplaneteblanquefort.fr\/wordpress\/wp-json\/wp\/v2\/media?parent=6407"}],"curies":[{"name":"wp","href":"https:\/\/api.w.org\/{rel}","templated":true}]}}