{"id":630,"date":"2012-11-23T10:48:36","date_gmt":"2012-11-23T09:48:36","guid":{"rendered":"http:\/\/www.amaplaneteblanquefort.fr\/wordpress\/?page_id=630"},"modified":"2022-01-07T22:10:56","modified_gmt":"2022-01-07T21:10:56","slug":"lagneau-la-ferme-du-paillot","status":"publish","type":"page","link":"http:\/\/www.amaplaneteblanquefort.fr\/wordpress\/lagneau-la-ferme-du-paillot\/","title":{"rendered":"L&rsquo;agneau: La Ferme du Paillot"},"content":{"rendered":"<h3><span style=\"color: #808000;\"><strong>M. &amp; Mme SANCIER sont\u00a0 \u00e0 la t\u00eate d\u2019un cheptel de 500 brebis sur un total de 100 hectares.<\/strong><\/span><\/h3>\n<h2><strong><a href=\"http:\/\/www.amaplaneteblanquefort.fr\/wordpress\/wp-content\/uploads\/2012\/11\/IMG_0894.jpg\"><img loading=\"lazy\" decoding=\"async\" class=\"aligncenter  wp-image-635\" title=\"IMG_0894\" src=\"http:\/\/www.amaplaneteblanquefort.fr\/wordpress\/wp-content\/uploads\/2012\/11\/IMG_0894-300x225.jpg\" alt=\"\" width=\"275\" height=\"206\" srcset=\"http:\/\/www.amaplaneteblanquefort.fr\/wordpress\/wp-content\/uploads\/2012\/11\/IMG_0894-300x225.jpg 300w, http:\/\/www.amaplaneteblanquefort.fr\/wordpress\/wp-content\/uploads\/2012\/11\/IMG_0894-1024x768.jpg 1024w\" sizes=\"auto, (max-width: 275px) 100vw, 275px\" \/><\/a><\/strong><\/h2>\n<h3 style=\"text-align: justify;\">Leur production ovine est de type extensif et naturel puisqu\u2019ils n\u2019utilisent pas d\u2019engrais dans les prairies.<\/h3>\n<h3 style=\"text-align: justify;\">Ils produisent leurs c\u00e9r\u00e9ales et leur fourrage, puis les utilisent pour leurs brebis. N\u00e9anmoins, ils n\u2019ont pas le label \u00ab bio \u00bb.<\/h3>\n<h3>Les agneaux sont abattus entre 2 \u00e0 4 mois \u00e0 Chalais en Charente puis sont d\u00e9coup\u00e9s chez un boucher.<\/h3>\n<h3>La vente s\u2019effectue en caissettes polystyr\u00e8ne couvertes. La viande est envelopp\u00e9e mais pas emball\u00e9e.<\/h3>\n<p><a href=\"http:\/\/www.amaplaneteblanquefort.fr\/wordpress\/wp-content\/uploads\/2012\/11\/laine.jpg\"><img loading=\"lazy\" decoding=\"async\" class=\"aligncenter  wp-image-641\" title=\"laine: le travail de Dominique Sancier\" src=\"http:\/\/www.amaplaneteblanquefort.fr\/wordpress\/wp-content\/uploads\/2012\/11\/laine-300x225.jpg\" alt=\"\" width=\"235\" height=\"176\" srcset=\"http:\/\/www.amaplaneteblanquefort.fr\/wordpress\/wp-content\/uploads\/2012\/11\/laine-300x225.jpg 300w, http:\/\/www.amaplaneteblanquefort.fr\/wordpress\/wp-content\/uploads\/2012\/11\/laine.jpg 432w\" sizes=\"auto, (max-width: 235px) 100vw, 235px\" \/><\/a><\/p>\n","protected":false},"excerpt":{"rendered":"<p>M. &amp; Mme SANCIER sont\u00a0 \u00e0 la t\u00eate d\u2019un cheptel de 500 brebis sur un total de 100 hectares. Leur production ovine est de type extensif et naturel puisqu\u2019ils n\u2019utilisent pas d\u2019engrais dans les prairies. Ils produisent leurs c\u00e9r\u00e9ales et leur fourrage, puis les utilisent pour leurs brebis. N\u00e9anmoins, ils n\u2019ont pas le label \u00ab &hellip; <a href=\"http:\/\/www.amaplaneteblanquefort.fr\/wordpress\/lagneau-la-ferme-du-paillot\/\" class=\"more-link\">Continuer la lecture de <span class=\"screen-reader-text\">L&rsquo;agneau: La Ferme du Paillot<\/span> <span class=\"meta-nav\">&rarr;<\/span><\/a><\/p>\n","protected":false},"author":1,"featured_media":0,"parent":0,"menu_order":1,"comment_status":"closed","ping_status":"closed","template":"","meta":{"footnotes":""},"class_list":["post-630","page","type-page","status-publish","hentry"],"_links":{"self":[{"href":"http:\/\/www.amaplaneteblanquefort.fr\/wordpress\/wp-json\/wp\/v2\/pages\/630","targetHints":{"allow":["GET"]}}],"collection":[{"href":"http:\/\/www.amaplaneteblanquefort.fr\/wordpress\/wp-json\/wp\/v2\/pages"}],"about":[{"href":"http:\/\/www.amaplaneteblanquefort.fr\/wordpress\/wp-json\/wp\/v2\/types\/page"}],"author":[{"embeddable":true,"href":"http:\/\/www.amaplaneteblanquefort.fr\/wordpress\/wp-json\/wp\/v2\/users\/1"}],"replies":[{"embeddable":true,"href":"http:\/\/www.amaplaneteblanquefort.fr\/wordpress\/wp-json\/wp\/v2\/comments?post=630"}],"version-history":[{"count":18,"href":"http:\/\/www.amaplaneteblanquefort.fr\/wordpress\/wp-json\/wp\/v2\/pages\/630\/revisions"}],"predecessor-version":[{"id":12915,"href":"http:\/\/www.amaplaneteblanquefort.fr\/wordpress\/wp-json\/wp\/v2\/pages\/630\/revisions\/12915"}],"wp:attachment":[{"href":"http:\/\/www.amaplaneteblanquefort.fr\/wordpress\/wp-json\/wp\/v2\/media?parent=630"}],"curies":[{"name":"wp","href":"https:\/\/api.w.org\/{rel}","templated":true}]}}

<h3><span style="color: #808000;"><strong>M. &amp; Mme SANCIER sont  à la tête d’un cheptel de 500 brebis sur un total de 100 hectares.</strong></span></h3>
<h2><strong><a href="http://www.amaplaneteblanquefort.fr/wordpress/wp-content/uploads/2012/11/IMG_0894.jpg"><img loading="lazy" decoding="async" class="aligncenter  wp-image-635" title="IMG_0894" src="http://www.amaplaneteblanquefort.fr/wordpress/wp-content/uploads/2012/11/IMG_0894-300x225.jpg" alt="" width="275" height="206" srcset="http://www.amaplaneteblanquefort.fr/wordpress/wp-content/uploads/2012/11/IMG_0894-300x225.jpg 300w, http://www.amaplaneteblanquefort.fr/wordpress/wp-content/uploads/2012/11/IMG_0894-1024x768.jpg 1024w" sizes="auto, (max-width: 275px) 100vw, 275px" /></a></strong></h2>
<h3 style="text-align: justify;">Leur production ovine est de type extensif et naturel puisqu’ils n’utilisent pas d’engrais dans les prairies.</h3>
<h3 style="text-align: justify;">Ils produisent leurs céréales et leur fourrage, puis les utilisent pour leurs brebis. Néanmoins, ils n’ont pas le label « bio ».</h3>
<h3>Les agneaux sont abattus entre 2 à 4 mois à Chalais en Charente puis sont découpés chez un boucher.</h3>
<h3>La vente s’effectue en caissettes polystyrène couvertes. La viande est enveloppée mais pas emballée.</h3>
<p><a href="http://www.amaplaneteblanquefort.fr/wordpress/wp-content/uploads/2012/11/laine.jpg"><img loading="lazy" decoding="async" class="aligncenter  wp-image-641" title="laine: le travail de Dominique Sancier" src="http://www.amaplaneteblanquefort.fr/wordpress/wp-content/uploads/2012/11/laine-300x225.jpg" alt="" width="235" height="176" srcset="http://www.amaplaneteblanquefort.fr/wordpress/wp-content/uploads/2012/11/laine-300x225.jpg 300w, http://www.amaplaneteblanquefort.fr/wordpress/wp-content/uploads/2012/11/laine.jpg 432w" sizes="auto, (max-width: 235px) 100vw, 235px" /></a></p>

<p>M. &amp; Mme SANCIER sont  à la tête d’un cheptel de 500 brebis sur un total de 100 hectares. Leur production ovine est de type extensif et naturel puisqu’ils n’utilisent pas d’engrais dans les prairies. Ils produisent leurs céréales et leur fourrage, puis les utilisent pour leurs brebis. Néanmoins, ils n’ont pas le label « &hellip; <a href="http://www.amaplaneteblanquefort.fr/wordpress/lagneau-la-ferme-du-paillot/" class="more-link">Continuer la lecture de <span class="screen-reader-text">L&rsquo;agneau: La Ferme du Paillot</span> <span class="meta-nav">&rarr;</span></a></p>
