{"id":335,"date":"2021-03-21T18:00:00","date_gmt":"2021-03-21T17:00:00","guid":{"rendered":"http:\/\/www.amaplaneteblanquefort.fr\/wordpress\/?p=335"},"modified":"2025-08-28T07:57:12","modified_gmt":"2025-08-28T05:57:12","slug":"335-2","status":"publish","type":"page","link":"http:\/\/www.amaplaneteblanquefort.fr\/wordpress\/les-livraisons\/335-2\/","title":{"rendered":"LES LIVRAISONS"},"content":{"rendered":"\n<h2 class=\"has-red-color has-text-color wp-block-heading\" style=\"font-size:18px\"><em>quand ? <\/em><strong>          Les jeudis de 18h45  \u00e0 19h45<\/strong><\/h2>\n\n\n\n<h4 class=\"has-red-color has-text-color wp-block-heading\" style=\"font-size:18px\"><em>o\u00f9 ?<\/em><strong>                      LA VACHERIE parking Grottes de<\/strong> M<strong>ajolan Blanquefort (33290)<\/strong><\/h4>\n\n\n\n<h4 class=\"has-medium-font-size wp-block-heading\"><strong>                                                         <\/strong>et <em>ne pas  oublier d&rsquo;apporter  ses paniers  ! <\/em>.<\/h4>\n\n\n\n<h4 class=\"wp-block-heading\"><\/h4>\n\n\n\n<p><strong>Ce sont les b\u00e9n\u00e9voles qui font vivre les Amaps&#8230; \u00e0 ce titre l&rsquo;adh\u00e9sion implique<\/strong> <strong>une aide \u00e0 la distribution<\/strong> (ou \u00ab\u00a0permanence\u00a0\u00bb) <strong>2 ou 3 fois dans l&rsquo;ann\u00e9e<\/strong>. Chaque adh\u00e9rent participe ainsi au bon d\u00e9roulement de la distribution, \u00e0 savoir le d\u00e9chargement et la mise&nbsp; en place et le rangement des tables.<\/p>\n\n\n\n<p><strong>Pour cela, pensez \u00e0 vous inscrire aux permanences sur AmapJ  !<\/strong> il suffit de cliquer sur &lt;modifier&gt; dans le menu d&rsquo;accueil AmapJ puis de choisir une date dans le menu<\/p>\n\n\n\n<figure class=\"wp-block-image size-large\"><img decoding=\"async\" src=\"http:\/\/www.amaplaneteblanquefort.fr\/wordpress\/wp-content\/uploads\/2020\/02\/ZZ41E4E7AC-1024x235.jpg\" alt=\"\" class=\"wp-image-9492\"\/><\/figure>\n\n\n\n<h4 class=\"has-normal-font-size wp-block-heading\"><strong><em><span class=\"has-inline-color has-medium-orange-color\">Nos souhaitons que les adh\u00e9rents qui se sont inscrits sur AmapJ pour une \u00ab\u00a0permanence\u00a0\u00bb arrivent  \u00e0 partir de 18h00 . Merci d&rsquo;avance&#8230;<\/span><\/em><\/strong><\/h4>\n\n\n\n<p><\/p>\n","protected":false},"excerpt":{"rendered":"<p>quand ? Les jeudis de 18h45 \u00e0 19h45 o\u00f9 ? LA VACHERIE parking Grottes de Majolan Blanquefort (33290) et ne pas oublier d&rsquo;apporter ses paniers ! . Ce sont les b\u00e9n\u00e9voles qui font vivre les Amaps&#8230; \u00e0 ce titre l&rsquo;adh\u00e9sion implique une aide \u00e0 la distribution (ou \u00ab\u00a0permanence\u00a0\u00bb) 2 ou 3 fois dans l&rsquo;ann\u00e9e. Chaque &hellip; <a href=\"http:\/\/www.amaplaneteblanquefort.fr\/wordpress\/les-livraisons\/335-2\/\" class=\"more-link\">Continuer la lecture de <span class=\"screen-reader-text\">LES LIVRAISONS<\/span> <span class=\"meta-nav\">&rarr;<\/span><\/a><\/p>\n","protected":false},"author":975,"featured_media":0,"parent":11638,"menu_order":0,"comment_status":"closed","ping_status":"open","template":"","meta":{"footnotes":""},"class_list":["post-335","page","type-page","status-publish","hentry"],"_links":{"self":[{"href":"http:\/\/www.amaplaneteblanquefort.fr\/wordpress\/wp-json\/wp\/v2\/pages\/335","targetHints":{"allow":["GET"]}}],"collection":[{"href":"http:\/\/www.amaplaneteblanquefort.fr\/wordpress\/wp-json\/wp\/v2\/pages"}],"about":[{"href":"http:\/\/www.amaplaneteblanquefort.fr\/wordpress\/wp-json\/wp\/v2\/types\/page"}],"author":[{"embeddable":true,"href":"http:\/\/www.amaplaneteblanquefort.fr\/wordpress\/wp-json\/wp\/v2\/users\/975"}],"replies":[{"embeddable":true,"href":"http:\/\/www.amaplaneteblanquefort.fr\/wordpress\/wp-json\/wp\/v2\/comments?post=335"}],"version-history":[{"count":927,"href":"http:\/\/www.amaplaneteblanquefort.fr\/wordpress\/wp-json\/wp\/v2\/pages\/335\/revisions"}],"predecessor-version":[{"id":14596,"href":"http:\/\/www.amaplaneteblanquefort.fr\/wordpress\/wp-json\/wp\/v2\/pages\/335\/revisions\/14596"}],"up":[{"embeddable":true,"href":"http:\/\/www.amaplaneteblanquefort.fr\/wordpress\/wp-json\/wp\/v2\/pages\/11638"}],"wp:attachment":[{"href":"http:\/\/www.amaplaneteblanquefort.fr\/wordpress\/wp-json\/wp\/v2\/media?parent=335"}],"curies":[{"name":"wp","href":"https:\/\/api.w.org\/{rel}","templated":true}]}}

<h2 class="has-red-color has-text-color wp-block-heading" style="font-size:18px"><em>quand ? </em><strong>          Les jeudis de 18h45  à 19h45</strong></h2>



<h4 class="has-red-color has-text-color wp-block-heading" style="font-size:18px"><em>où ?</em><strong>                      LA VACHERIE parking Grottes de</strong> M<strong>ajolan Blanquefort (33290)</strong></h4>



<h4 class="has-medium-font-size wp-block-heading"><strong>                                                         </strong>et <em>ne pas  oublier d&rsquo;apporter  ses paniers  ! </em>.</h4>



<h4 class="wp-block-heading"></h4>



<p><strong>Ce sont les bénévoles qui font vivre les Amaps&#8230; à ce titre l&rsquo;adhésion implique</strong> <strong>une aide à la distribution</strong> (ou « permanence ») <strong>2 ou 3 fois dans l&rsquo;année</strong>. Chaque adhérent participe ainsi au bon déroulement de la distribution, à savoir le déchargement et la mise&nbsp; en place et le rangement des tables.</p>



<p><strong>Pour cela, pensez à vous inscrire aux permanences sur AmapJ  !</strong> il suffit de cliquer sur &lt;modifier&gt; dans le menu d&rsquo;accueil AmapJ puis de choisir une date dans le menu</p>



<figure class="wp-block-image size-large"><img decoding="async" src="http://www.amaplaneteblanquefort.fr/wordpress/wp-content/uploads/2020/02/ZZ41E4E7AC-1024x235.jpg" alt="" class="wp-image-9492"/></figure>



<h4 class="has-normal-font-size wp-block-heading"><strong><em><span class="has-inline-color has-medium-orange-color">Nos souhaitons que les adhérents qui se sont inscrits sur AmapJ pour une « permanence » arrivent  à partir de 18h00 . Merci d&rsquo;avance&#8230;</span></em></strong></h4>



<p></p>

<p>quand ? Les jeudis de 18h45 à 19h45 où ? LA VACHERIE parking Grottes de Majolan Blanquefort (33290) et ne pas oublier d&rsquo;apporter ses paniers ! . Ce sont les bénévoles qui font vivre les Amaps&#8230; à ce titre l&rsquo;adhésion implique une aide à la distribution (ou « permanence ») 2 ou 3 fois dans l&rsquo;année. Chaque &hellip; <a href="http://www.amaplaneteblanquefort.fr/wordpress/les-livraisons/335-2/" class="more-link">Continuer la lecture de <span class="screen-reader-text">LES LIVRAISONS</span> <span class="meta-nav">&rarr;</span></a></p>
