{"id":10764,"date":"2021-03-06T20:07:26","date_gmt":"2021-03-06T19:07:26","guid":{"rendered":"http:\/\/www.amaplaneteblanquefort.fr\/wordpress\/?p=10764"},"modified":"2023-11-27T09:55:44","modified_gmt":"2023-11-27T08:55:44","slug":"adhesion-2","status":"publish","type":"page","link":"http:\/\/www.amaplaneteblanquefort.fr\/wordpress\/adhesion-2\/","title":{"rendered":"L&rsquo;ADHESION"},"content":{"rendered":"\n<p class=\"has-text-align-center\">Son montant est vot\u00e9 chaque ann\u00e9e lors de l&rsquo;Assembl\u00e9e G\u00e9n\u00e9rale<\/p>\n\n\n\n<p class=\"has-text-align-center has-red-color has-text-color has-link-color has-medium-font-size wp-elements-9795e58fd6fbb9ea5d2a6ce928e5f52f\"><strong>A ce jour il est de 10 EUROS<\/strong><\/p>\n\n\n\n<h2 class=\"wp-block-heading has-text-color\" id=\"vous-voulez-adherer-a-l-amap\" style=\"color:#22a300\"><em>VOUS VOULEZ ADHERER A L &lsquo;AMAP ?<\/em><\/h2>\n\n\n\n<ul class=\"wp-block-list\">\n<li>Vous recevrez un courriel avec un bulletin d&rsquo;adh\u00e9sion  \u00e0 rapporter accompagn\u00e9 du r\u00e8glement un jeudi soir \u00e0 la Vacherie et \u00e0 remettre \u00e0 un coordinateur.  <\/li>\n\n\n\n<li>Envoyer une demande d&rsquo;inscription comportant votre nom, pr\u00e9nom, adresse postale, adresse courriel, num\u00e9ro de t\u00e9l\u00e9phone \u00e0 l&rsquo;adresse suivante : <strong><a href=\"mailto:amaplaneteblanquefort@gmail.com\" target=\"_blank\" rel=\"noreferrer noopener\">amaplaneteblanquefort@gmail.com<\/a><\/strong><\/li>\n\n\n\n<li>Vous recevrez par la suite un lien et un identifiant avec mot de passe sur l&rsquo;application AmapJ qui permet de souscrire les contrats qui vous int\u00e9ressent (v\u00e9rifier que ce message ne soit pas plac\u00e9 en \u00ab\u00a0ind\u00e9sirable\u00a0\u00bb par votre application de messagerie)<\/li>\n\n\n\n<li>Vous aurez ainsi la possibilit\u00e9 de prendre des contrats.<\/li>\n<\/ul>\n\n\n\n<h2 class=\"wp-block-heading has-text-color\" id=\"renouvellement-de-l-adhesion\" style=\"color:#00a30f\"><em>RENOUVELLEMENT DE L&rsquo;ADHESION<\/em><\/h2>\n\n\n\n<p><strong>Tout amapien ayant un contrat en cours au 1er Janvier doit renouveler son adh\u00e9sion.<\/strong><\/p>\n\n\n\n<p class=\"has-text-align-left\">La prise des adh\u00e9sions aura lieu aux heures habituelles des livraisons (18h45 &#8211; 19h45) \u00e0 la Vacherie (Blanquefort). <\/p>\n\n\n\n<p class=\"has-text-align-left\">Il est indispensable de venir avec votre bulletin d&rsquo;adh\u00e9sion&nbsp;sign\u00e9 et accompagn\u00e9 de son r\u00e8glement&nbsp;<\/p>\n\n\n\n<p class=\"has-text-align-left\">Les amapiens qui n&rsquo;auront pas renouvel\u00e9 leur adh\u00e9sion dans les d\u00e9lais seront \u00ab\u00a0d\u00e9sactiv\u00e9s\u00a0\u00bb d&rsquo;AMAPJ et ne pourront plus y acc\u00e9der.<\/p>\n\n\n\n<p><em><strong> Vous pouvez exceptionnellement l&rsquo;adresser par poste&nbsp;avec votre r\u00e8glement \u00e0&nbsp;:<\/strong><\/em> AMAPlan\u00e8te Blanquefort \u2013 ABCS \u2013 8 rue Raymond Valet \u2013 33290 Blanquefort&nbsp;ou le d\u00e9poser dans la bo\u00eete aux lettres de l\u2019ABC.<\/p>\n","protected":false},"excerpt":{"rendered":"<p>Son montant est vot\u00e9 chaque ann\u00e9e lors de l&rsquo;Assembl\u00e9e G\u00e9n\u00e9rale A ce jour il est de 10 EUROS VOUS VOULEZ ADHERER A L &lsquo;AMAP ? RENOUVELLEMENT DE L&rsquo;ADHESION Tout amapien ayant un contrat en cours au 1er Janvier doit renouveler son adh\u00e9sion. La prise des adh\u00e9sions aura lieu aux heures habituelles des livraisons (18h45 &#8211; &hellip; <a href=\"http:\/\/www.amaplaneteblanquefort.fr\/wordpress\/adhesion-2\/\" class=\"more-link\">Continuer la lecture de <span class=\"screen-reader-text\">L&rsquo;ADHESION<\/span> <span class=\"meta-nav\">&rarr;<\/span><\/a><\/p>\n","protected":false},"author":975,"featured_media":0,"parent":0,"menu_order":0,"comment_status":"open","ping_status":"open","template":"","meta":{"footnotes":""},"class_list":["post-10764","page","type-page","status-publish","hentry"],"_links":{"self":[{"href":"http:\/\/www.amaplaneteblanquefort.fr\/wordpress\/wp-json\/wp\/v2\/pages\/10764","targetHints":{"allow":["GET"]}}],"collection":[{"href":"http:\/\/www.amaplaneteblanquefort.fr\/wordpress\/wp-json\/wp\/v2\/pages"}],"about":[{"href":"http:\/\/www.amaplaneteblanquefort.fr\/wordpress\/wp-json\/wp\/v2\/types\/page"}],"author":[{"embeddable":true,"href":"http:\/\/www.amaplaneteblanquefort.fr\/wordpress\/wp-json\/wp\/v2\/users\/975"}],"replies":[{"embeddable":true,"href":"http:\/\/www.amaplaneteblanquefort.fr\/wordpress\/wp-json\/wp\/v2\/comments?post=10764"}],"version-history":[{"count":21,"href":"http:\/\/www.amaplaneteblanquefort.fr\/wordpress\/wp-json\/wp\/v2\/pages\/10764\/revisions"}],"predecessor-version":[{"id":14543,"href":"http:\/\/www.amaplaneteblanquefort.fr\/wordpress\/wp-json\/wp\/v2\/pages\/10764\/revisions\/14543"}],"wp:attachment":[{"href":"http:\/\/www.amaplaneteblanquefort.fr\/wordpress\/wp-json\/wp\/v2\/media?parent=10764"}],"curies":[{"name":"wp","href":"https:\/\/api.w.org\/{rel}","templated":true}]}}

<p class="has-text-align-center">Son montant est voté chaque année lors de l&rsquo;Assemblée Générale</p>



<p class="has-text-align-center has-red-color has-text-color has-link-color has-medium-font-size wp-elements-9795e58fd6fbb9ea5d2a6ce928e5f52f"><strong>A ce jour il est de 10 EUROS</strong></p>



<h2 class="wp-block-heading has-text-color" id="vous-voulez-adherer-a-l-amap" style="color:#22a300"><em>VOUS VOULEZ ADHERER A L &lsquo;AMAP ?</em></h2>



<ul class="wp-block-list">
<li>Vous recevrez un courriel avec un bulletin d&rsquo;adhésion  à rapporter accompagné du règlement un jeudi soir à la Vacherie et à remettre à un coordinateur.  </li>



<li>Envoyer une demande d&rsquo;inscription comportant votre nom, prénom, adresse postale, adresse courriel, numéro de téléphone à l&rsquo;adresse suivante : <strong><a href="mailto:amaplaneteblanquefort@gmail.com" target="_blank" rel="noreferrer noopener">amaplaneteblanquefort@gmail.com</a></strong></li>



<li>Vous recevrez par la suite un lien et un identifiant avec mot de passe sur l&rsquo;application AmapJ qui permet de souscrire les contrats qui vous intéressent (vérifier que ce message ne soit pas placé en « indésirable » par votre application de messagerie)</li>



<li>Vous aurez ainsi la possibilité de prendre des contrats.</li>
</ul>



<h2 class="wp-block-heading has-text-color" id="renouvellement-de-l-adhesion" style="color:#00a30f"><em>RENOUVELLEMENT DE L&rsquo;ADHESION</em></h2>



<p><strong>Tout amapien ayant un contrat en cours au 1er Janvier doit renouveler son adhésion.</strong></p>



<p class="has-text-align-left">La prise des adhésions aura lieu aux heures habituelles des livraisons (18h45 &#8211; 19h45) à la Vacherie (Blanquefort). </p>



<p class="has-text-align-left">Il est indispensable de venir avec votre bulletin d&rsquo;adhésion&nbsp;signé et accompagné de son règlement&nbsp;</p>



<p class="has-text-align-left">Les amapiens qui n&rsquo;auront pas renouvelé leur adhésion dans les délais seront « désactivés » d&rsquo;AMAPJ et ne pourront plus y accéder.</p>



<p><em><strong> Vous pouvez exceptionnellement l&rsquo;adresser par poste&nbsp;avec votre règlement à&nbsp;:</strong></em> AMAPlanète Blanquefort – ABCS – 8 rue Raymond Valet – 33290 Blanquefort&nbsp;ou le déposer dans la boîte aux lettres de l’ABC.</p>

<p>Son montant est voté chaque année lors de l&rsquo;Assemblée Générale A ce jour il est de 10 EUROS VOUS VOULEZ ADHERER A L &lsquo;AMAP ? RENOUVELLEMENT DE L&rsquo;ADHESION Tout amapien ayant un contrat en cours au 1er Janvier doit renouveler son adhésion. La prise des adhésions aura lieu aux heures habituelles des livraisons (18h45 &#8211; &hellip; <a href="http://www.amaplaneteblanquefort.fr/wordpress/adhesion-2/" class="more-link">Continuer la lecture de <span class="screen-reader-text">L&rsquo;ADHESION</span> <span class="meta-nav">&rarr;</span></a></p>
