{"id":6367,"date":"2015-10-27T09:16:36","date_gmt":"2015-10-27T08:16:36","guid":{"rendered":"http:\/\/www.amaplaneteblanquefort.fr\/wordpress\/wp-content\/uploads\/2015\/10\/2-Faire-pousser-le-bl\u00e9-La-lev\u00e9e-de-plus-pr\u00e8s.jpg"},"modified":"2015-10-27T09:21:16","modified_gmt":"2015-10-27T08:21:16","slug":"2-faire-pousser-le-ble-la-levee-de-plus-pres","status":"inherit","type":"attachment","link":"http:\/\/www.amaplaneteblanquefort.fr\/wordpress\/2-faire-pousser-le-ble-la-levee-de-plus-pres\/","title":{"rendered":"2-Faire pousser le bl\u00e9-La lev\u00e9e de plus pr\u00e8s"},"author":7,"featured_media":0,"comment_status":"open","ping_status":"closed","template":"","meta":[],"class_list":["post-6367","attachment","type-attachment","status-inherit","hentry"],"description":{"rendered":"<p class=\"attachment\"><a href='http:\/\/www.amaplaneteblanquefort.fr\/wordpress\/wp-content\/uploads\/2015\/10\/2-Faire-pousser-le-bl\u00e9-La-lev\u00e9e-de-plus-pr\u00e8s.jpg'><img loading=\"lazy\" decoding=\"async\" width=\"300\" height=\"169\" src=\"http:\/\/www.amaplaneteblanquefort.fr\/wordpress\/wp-content\/uploads\/2015\/10\/2-Faire-pousser-le-bl\u00e9-La-lev\u00e9e-de-plus-pr\u00e8s-300x169.jpg\" class=\"attachment-medium size-medium\" alt=\"\" srcset=\"http:\/\/www.amaplaneteblanquefort.fr\/wordpress\/wp-content\/uploads\/2015\/10\/2-Faire-pousser-le-bl\u00e9-La-lev\u00e9e-de-plus-pr\u00e8s-300x169.jpg 300w, http:\/\/www.amaplaneteblanquefort.fr\/wordpress\/wp-content\/uploads\/2015\/10\/2-Faire-pousser-le-bl\u00e9-La-lev\u00e9e-de-plus-pr\u00e8s-1024x576.jpg 1024w, http:\/\/www.amaplaneteblanquefort.fr\/wordpress\/wp-content\/uploads\/2015\/10\/2-Faire-pousser-le-bl\u00e9-La-lev\u00e9e-de-plus-pr\u00e8s.jpg 1306w\" sizes=\"auto, (max-width: 300px) 100vw, 300px\" \/><\/a><\/p>\n"},"caption":{"rendered":"<p>Faire pousser le bl\u00e9: la lev\u00e9e de plus pr\u00e8s<\/p>\n"},"alt_text":"","media_type":"image","mime_type":"image\/jpeg","media_details":{"width":1306,"height":734,"file":"2015\/10\/2-Faire-pousser-le-bl\u00e9-La-lev\u00e9e-de-plus-pr\u00e8s.jpg","sizes":{"thumbnail":{"file":"2-Faire-pousser-le-bl\u00e9-La-lev\u00e9e-de-plus-pr\u00e8s-150x150.jpg","width":150,"height":150,"mime_type":"image\/jpeg","source_url":"http:\/\/www.amaplaneteblanquefort.fr\/wordpress\/wp-content\/uploads\/2015\/10\/2-Faire-pousser-le-bl\u00e9-La-lev\u00e9e-de-plus-pr\u00e8s-150x150.jpg"},"medium":{"file":"2-Faire-pousser-le-bl\u00e9-La-lev\u00e9e-de-plus-pr\u00e8s-300x169.jpg","width":300,"height":169,"mime_type":"image\/jpeg","source_url":"http:\/\/www.amaplaneteblanquefort.fr\/wordpress\/wp-content\/uploads\/2015\/10\/2-Faire-pousser-le-bl\u00e9-La-lev\u00e9e-de-plus-pr\u00e8s-300x169.jpg"},"large":{"file":"2-Faire-pousser-le-bl\u00e9-La-lev\u00e9e-de-plus-pr\u00e8s-1024x576.jpg","width":1024,"height":576,"mime_type":"image\/jpeg","source_url":"http:\/\/www.amaplaneteblanquefort.fr\/wordpress\/wp-content\/uploads\/2015\/10\/2-Faire-pousser-le-bl\u00e9-La-lev\u00e9e-de-plus-pr\u00e8s-1024x576.jpg"},"full":{"file":"2-Faire-pousser-le-bl\u00e9-La-lev\u00e9e-de-plus-pr\u00e8s.jpg","width":1306,"height":734,"mime_type":"image\/jpeg","source_url":"http:\/\/www.amaplaneteblanquefort.fr\/wordpress\/wp-content\/uploads\/2015\/10\/2-Faire-pousser-le-bl\u00e9-La-lev\u00e9e-de-plus-pr\u00e8s.jpg"}},"image_meta":{"aperture":0,"credit":"","camera":"6036Y","caption":"","created_timestamp":1039348800,"copyright":"","focal_length":"2.94","iso":"100","shutter_speed":"0.0022271714922049","title":"","orientation":0}},"post":null,"source_url":"http:\/\/www.amaplaneteblanquefort.fr\/wordpress\/wp-content\/uploads\/2015\/10\/2-Faire-pousser-le-bl\u00e9-La-lev\u00e9e-de-plus-pr\u00e8s.jpg","_links":{"self":[{"href":"http:\/\/www.amaplaneteblanquefort.fr\/wordpress\/wp-json\/wp\/v2\/media\/6367","targetHints":{"allow":["GET"]}}],"collection":[{"href":"http:\/\/www.amaplaneteblanquefort.fr\/wordpress\/wp-json\/wp\/v2\/media"}],"about":[{"href":"http:\/\/www.amaplaneteblanquefort.fr\/wordpress\/wp-json\/wp\/v2\/types\/attachment"}],"author":[{"embeddable":true,"href":"http:\/\/www.amaplaneteblanquefort.fr\/wordpress\/wp-json\/wp\/v2\/users\/7"}],"replies":[{"embeddable":true,"href":"http:\/\/www.amaplaneteblanquefort.fr\/wordpress\/wp-json\/wp\/v2\/comments?post=6367"}]}}

http://www.amaplaneteblanquefort.fr/wordpress/wp-content/uploads/2015/10/2-Faire-pousser-le-blé-La-levée-de-plus-près.jpg

2-Faire pousser le blé-La levée de plus près

<p class="attachment"><a href='http://www.amaplaneteblanquefort.fr/wordpress/wp-content/uploads/2015/10/2-Faire-pousser-le-blé-La-levée-de-plus-près.jpg'><img loading="lazy" decoding="async" width="300" height="169" src="http://www.amaplaneteblanquefort.fr/wordpress/wp-content/uploads/2015/10/2-Faire-pousser-le-blé-La-levée-de-plus-près-300x169.jpg" class="attachment-medium size-medium" alt="" srcset="http://www.amaplaneteblanquefort.fr/wordpress/wp-content/uploads/2015/10/2-Faire-pousser-le-blé-La-levée-de-plus-près-300x169.jpg 300w, http://www.amaplaneteblanquefort.fr/wordpress/wp-content/uploads/2015/10/2-Faire-pousser-le-blé-La-levée-de-plus-près-1024x576.jpg 1024w, http://www.amaplaneteblanquefort.fr/wordpress/wp-content/uploads/2015/10/2-Faire-pousser-le-blé-La-levée-de-plus-près.jpg 1306w" sizes="auto, (max-width: 300px) 100vw, 300px" /></a></p>

<p>Faire pousser le blé: la levée de plus près</p>

2015/10/2-Faire-pousser-le-blé-La-levée-de-plus-près.jpg

2-Faire-pousser-le-blé-La-levée-de-plus-près-150x150.jpg

http://www.amaplaneteblanquefort.fr/wordpress/wp-content/uploads/2015/10/2-Faire-pousser-le-blé-La-levée-de-plus-près-150x150.jpg

2-Faire-pousser-le-blé-La-levée-de-plus-près-300x169.jpg

http://www.amaplaneteblanquefort.fr/wordpress/wp-content/uploads/2015/10/2-Faire-pousser-le-blé-La-levée-de-plus-près-300x169.jpg

2-Faire-pousser-le-blé-La-levée-de-plus-près-1024x576.jpg

http://www.amaplaneteblanquefort.fr/wordpress/wp-content/uploads/2015/10/2-Faire-pousser-le-blé-La-levée-de-plus-près-1024x576.jpg

2-Faire-pousser-le-blé-La-levée-de-plus-près.jpg
